100 - 100011?
-1100111
In base 2, what is 1101 - 1000?
101
In base 2, what is -11011011110001 - -100?
-11011011101101
In base 15, what is b7 + -1?
b6
In base 5, what is -3 + -111?
-114
In base 2, what is -10 - -1111100001?
1111011111
In base 10, what is 106 - 165?
-59
In base 13, what is 66 + -5?
61
In base 5, what is -13 - -1413?
1400
In base 11, what is 4 + 2041?
2045
In base 16, what is 3b + 9?
44
In base 13, what is 1 - -77?
78
In base 12, what is -87 - 6?
-91
In base 12, what is 32a + 4?
332
In base 13, what is -2 + c?
a
In base 11, what is -18 + -218?
-235
In base 15, what is -35 - -395?
360
In base 2, what is 101110 + 100?
110010
In base 7, what is 5 - 165?
-160
In base 14, what is 7 + -3?
4
In base 11, what is -1731 + 4?
-1728
In base 7, what is -214 - 14?
-231
In base 9, what is -28 - -58?
30
In base 8, what is 1133 + 1?
1134
In base 6, what is -3 - 21114?
-21121
In base 10, what is 451 + 2?
453
In base 10, what is -3990 + -3?
-3993
In base 8, what is -11 - -21?
10
In base 6, what is -503 - 44?
-551
In base 13, what is -101 - 14?
-115
In base 12, what is -294 - 14?
-2a8
In base 9, what is 4 - 73?
-68
In base 14, what is -1 - -5d?
5c
In base 13, what is 2 - 50?
-4b
In base 7, what is 111 - 1?
110
In base 8, what is 334 + -5?
327
In base 3, what is 201 - -1221?
2122
In base 6, what is 5 - 14?
-5
In base 9, what is 53 + 10?
63
In base 11, what is a + -4a?
-40
In base 2, what is -11 + -1011110111011?
-1011110111110
In base 14, what is 2 + -c1?
-bd
In base 3, what is 20221 - 20?
20201
In base 6, what is -2 - 21501?
-21503
In base 15, what is -4 - 791?
-795
In base 6, what is -224 + 5?
-215
In base 5, what is -3 - -30?
22
In base 11, what is -338 - -31?
-307
In base 2, what is 11 - 10010100?
-10010001
In base 9, what is 42 - -13?
55
In base 14, what is -1153 - -2?
-1151
In base 11, what is -1a - 13?
-32
In base 2, what is 1011001101000001 + 11?
1011001101000100
In base 13, what is -4 - -18?
14
In base 8, what is -11 + 367?
356
In base 5, what is -100040 - -3?
-100032
In base 12, what is -5 - 196?
-19b
In base 9, what is 31 - -18?
50
In base 5, what is -112 - -240?
123
In base 14, what is -1 + -95?
-96
In base 6, what is -214 + 5?
-205
In base 7, what is 2 + -404?
-402
In base 7, what is 50634 - -2?
50636
In base 12, what is 3 - -307?
30a
In base 7, what is 2635 + -13?
2622
In base 3, what is 12 + 10110?
10122
In base 5, what is -23 + -2?
-30
In base 7, what is -1 - -31?
30
In base 9, what is -807 + -5?
-813
In base 9, what is 134 + -2?
132
In base 14, what is -59 - 4?
-5d
In base 15, what is -43c + -2?
-43e
In base 2, what is -10101110 + -101011?
-11011001
In base 9, what is 40 + 40?
80
In base 8, what is -103 - 1?
-104
In base 16, what is -49 + -4?
-4d
In base 10, what is -31 + -44?
-75
In base 9, what is 1 - -2084?
2085
In base 14, what is -10890 - -2?
-1088c
In base 8, what is 34 + 1176?
1232
In base 8, what is 600 + 0?
600
In base 10, what is 3 + 2?
5
In base 2, what is 100 + -11010111000?
-11010110100
In base 15, what is 625 - 3?
622
In base 3, what is 0 - 1212010?
-1212010
In base 7, what is 103006 + -5?
103001
In base 3, what is -1000222 - 11?
-1001010
In base 12, what is -13 - -189?
176
In base 4, what is -1123001 + -11?
-1123012
In base 12, what is -500 - -4?
-4b8
In base 5, what is -3023 + 2?
-3021
In base 3, what is 211201 + -2?
211122
In base 7, what is -6 + 6?
0
In base 9, what is -1 + -1105?
-1106
In base 7, what is -2 + 1226?
1224
In base 10, what is -5 - -6477?
6472
In base 13, what is 963 + 4?
967
In base 4, what is 30 - 1?
23
In base 7, what is 3 + -152?
-146
In base 9, what is -58 - 3?
-62
In base 9, what is 142 + -5?
136
In base 2, what is 100 + -1010111001101?
-1010111001001
In base 14, what is 88d - 6?
887
In base 5, what is -23 - 44?
-122
In base 12, what is 4 - -15?
19
In base 14, what is -2 - -271?
26d
In base 4, what is -3 + 120?
111
In base 13, what is -22a8 - -2?
-22a6
In base 4, what is -13 - -120?
101
In base 16, what is 30e + -3?
30b
In base 2, what is -11 - 101?
-1000
In base 2, what is -1000011001 + -110110?
-1001001111
In base 9, what is 3 + 350?
353
In base 3, what is 12 - -21211?
22000
In base 13, what is 86 + 31?
b7
In base 2, what is -1 + -11111010?
-11111011
In base 5, what is 114 - -24?
143
In base 14, what is 509 + -8?
501
In base 4, what is -120121 - 11?
-120132
In base 4, what is -13012 + 2?
-13010
In base 9, what is 10 + -57?
-47
In base 2, what is 101110010 + 1001?
101111011
In base 15, what is 3 - -31?
34
In base 10, what is 19 + -235?
-216
In base 3, what is 210 - 122?
11
In base 5, what is 0 - 210?
-210
In base 4, what is 1023 - 11?
1012
In base 2, what is 101 - 11011?
-10110
In base 13, what is -10b - 4?
-112
In base 10, what is 70 - -5?
75
In base 7, what is -2 - -13?
11
In base 4, what is 1 + 1231?
1232
In base 4, what is 13 + -1223?
-1210
In base 13, what is 19 + -2?
17
In base 8, what is 23 + 3?
26
In base 11, what is -1 - 1121?
-1122
In base 13, what is -40 + -3?
-43
In base 14, what is -b0 - 4?
-b4
In base 12, what is -1012 - 1?
-1013
In base 16, what is 1 + -ccb?
-cca
In base 11, what is 4a - -3?
52
In base 5, what is 1 - 1011?
-1010
In base 14, what is -9d4 + -3?
-9d7
In base 16, what is -1 - -3de?
3dd
In base 2, what is -1010011 + -1000010?
-10010101
In base 12, what is b - -377?
386
In base 3, what is -2111 - -10002?
121
In base 10, what is 127 - 0?
127
In base 4, what is -10 + 133?
123
In base 12, what is 1 - 150?
-14b
In base 2, what is -11110000001 + 111?
-11101111010
In base 4, what is 21212 + 11?
21223
In base 16, what is 4 + 257?
25b
In base 13, what is -54 - -3?
-51
In base 3, what is -1220 + 11?
-1202
In base 5, what is 10 - -3413?
3423
In base 11, what is -76a + 3?
-767
In base 10, what is 48 - 38?
10
In base 2, what is 10000 - -11010?
101010
In base 16, what is 4a - 1b?
2f
In base 4, what is -130002 + -10?
-130012
In base 15, what is 5 + -30?
-2a
In base 16, what is -5 - -22?
1d
In base 5, what is 1 - -1320?
1321
In base 13, what is 811 - 3?
80b
In base 10, what is 939 + 3?
942
In base 10, what is -355 + -11?
-366
In base 5, what is 241 - 2134?
-1343
In base 15, what is -e - 8?
-17
In base 11, what is 71 - -4?
75
In base 16, what is a - 20?
-16
In base 16, what is -2d - 1d?
-4a
In base 14, what is 2d - 0?
2d
In base 4, what is -10203 + -223?
-11032
In base 11, what is 5 - 182?
-178
In base 13, what is 1b9 - -1?
1ba
In base 2, what is -11 + 1001011?
1001000
In base 13, what is 1 - 231?
-230
In base 13, what is 2 - -22?
24
In base 6, what is -42115 - -2?
-42113
In base 16, what is -2 + 13?
11
In base 5, what is -3 - 33113?
-33121
In base 15, what is 4 + -8c?
-88
In base 4, what is -11 - 101132?
-101203
In base 10, what is 252 + 44?
296
In base 10, what is 1 + 134?
135
In base 10, what is -712 + 7?
-705
In base 7, what is -30 + 102?
42
In base 16, what is 6f2 + -3?
6ef
In base 8, what is 1 - -20?
21
In base 14, what is -3 - -2d?
2a
In base 6, what is 4144 + 1?
4145
In base 16, what is 91 + f?
a0
In base 6, what is -15 + -15?
-34
In base 2, what is 0 + -111000001?
-111000001
In base 9, what is -2 - 168?
-171
In base 8, what is -1222 - 7?
-1231
In base 3, what is -200 + -10011112?
-10012012
In base 16, what is 361 - 3?
35e
In base 14, what is 1c - -4?
22
In base 10, what is -259 + -2?
-261
In base 8, what is -404 - 62?
-466
In base 9, what is 13027 - -5?
13033
In base 15, what is -17 - -6b?
54
In base 7, what is 1 + -441?
-440
In base 4, what is -1 - -1012?
1011
In base 15, what is 3 + 42?
45
In base 15, what is -2 + -17?
-19
In base 15, what is -9a + 74?
-26
In base 10, what is 4 - -127?
131
In base 16, what is -2d + 4a?
1d
In base 12, what is -165 + -17?
-180
In base 8, what is 10 - -15?
25
In base 3, what is 10 - 211?
-201
In base 3, what is 0 + 1022?
1022
In base 12, what is 5 + 1164?
1169
In base 3, what is -2110 - -1?
-2102
In base 8, what is -4 + -42?
-46
In base 14, what is 2 - -526?
528
In base 7, what is 13 + -3?
10
In base 13, what is -93 + 3?
-90
In base 10, what is 9 - 7?
2
In base 11, what is 8 + 87?
94
In base 3, what is 1111122102 + 12?
1111122121
In base 14, what is 18 + 13?
2b
In base 12, what is -1749 - -3?
-1746
In base 4, what is -2 - -130113?
130111
In base 13, what is 3 - 118c?
-1189
In base 5, what is 0 - 3011?
-3011
In base 6, what is -115 - -15?
-